 g(x). Give n(-8).
-8
Let i(z) be the third derivative of z**4/6 + 37*z**3/6 + 92*z**2. Give i(-10).
-3
Let u(k) = 5*k**2 + 7*k + 3. Let p(w) = w**2 - 37 - 2*w**2 + 37. Suppose 19 = -3*v - 4*y, v + 11 = -2*v - 2*y. Let o(s) = v*u(s) - 4*p(s). Give o(-6).
3
Let p(a) = a**3 + 12*a**2 + 19*a - 12. Suppose 105 = -19*w - 85. Calculate p(w).
-2
Let z = -29 + 39. Let c(n) = -z*n + 8*n - 8 + 18. Calculate c(8).
-6
Let h(f) = -f**3 + 1. Let t(q) be the first derivative of q**4/4 - 7*q**3/3 + 9*q**2/2 + 4*q + 18. Let s(z) = 2*h(z) + t(z). Calculate s(-8).
-2
Let b(g) = 24*g**2 + 6*g - 8. Let m(p) = 5*p**2 + 1. Let w(c) = -b(c) + 5*m(c). Calculate w(5).
8
Suppose 3*u + 13 = 4*b, -29*u = -27*u - 2. Suppose 4 = 5*x - 2*r, 4*r + 0*r = x - 8. Let a(z) = 3*z - z + 2 + x*z. Calculate a(b).
10
Let i(o) = -5*o**2 + 3*o - 1. Let x = -12 - -8. Let c = x + -1. Let j(n) = -11*n**2 + 5*n - 2. Let l(a) = c*i(a) + 3*j(a). Calculate l(1).
-9
Let n(u) be the third derivative of 1/15*u**5 - 12*u**2 + 0*u + 0 + 1/120*u**6 + 1/2*u**3 + 1/12*u**4. Determine n(-4).
-5
Let n(z) be the second derivative of z**4/12 + 2*z**3/3 + z**2/2 + 14*z - 2. Calculate n(-4).
1
Let p(x) be the second derivative of -x**3/6 + 6*x**2 + 9*x - 7. What is p(5)?
7
Let p be -3 - -3*(-9)/(189/(-35)). Let v(s) = -3*s**2 - 3*s - 3. Let y(h) = -6*h**2 - 5*h - 5. Let u(q) = 7*v(q) - 4*y(q). Determine u(p).
9
Let d(w) = -w**2 + 10*w - 9. Let u be d(8). Let r(o) = -7*o**2 + 4 - 59*o + o**3 + 114*o - 54*o. What is r(u)?
11
Let u be (-10 - -7)/((-9)/12). Let n(r) be the first derivative of 1/2*r**2 - 1/4*r**u - r - 2/3*r**3 - 4. What is n(-3)?
5
Suppose 0*a = 4*a - 24. Let m be 2/8 - a/(-8). Let j(i) = 3*i + 0 - 2 - 1 + m. Determine j(4).
10
Let j(l) be the first derivative of -l**4/4 - 3*l**3 - 9*l**2/2 + 9*l + 103. Calculate j(-7).
-26
Let n(c) be the third derivative of c**5/20 + c**4/24 - c**3/6 - 11*c**2. Let o = 14 + -9. Suppose 2*g + o*f = -23, -2*g = g - 5*f - 28. Give n(g).
3
Let n = -81 + 87. Suppose 5*i + 4*q = 20, -5*i + n*q - q - 25 = 0. Let o(m) = -m**2 - 7. Give o(i).
-7
Suppose -2*n + 3 = -r - 16, 5*r - 5*n + 75 = 0. Let u(f) = f + 12. Determine u(r).
1
Let d(p) = p**2 - 36*p - 212. Let x be d(-5). Let i(m) = 2*m + 8. Give i(x).
-6
Suppose 0 = w + z - 2, 0 = 4*w - 2*z + 4*z - 2. Let p(k) be the first derivative of 4*k**3/3 - k - 11. What is p(w)?
3
Let k(j) = 2 - 6 - 5*j**2 + 4 - 3 + 5*j. Give k(2).
-13
Let b = 54 - 54. Let r be b - ((-6 - -4) + 6/2). Let u(m) = -17*m**2 - m - 1. What is u(r)?
-17
Let a(x) = -x**2 - 2*x + 4. Let l(p) = -5*p - 14. Let f be l(-7). Suppose u + 9 = -3*t, 4*t - t + f = -5*u. Calculate a(u).
1
Let z(v) = -9*v**2 + v. Let q be 45/30 + (-3)/(-2) + -2. Determine z(q).
-8
Let t(u) be the second derivative of -u**5/20 - u**4/12 - u**3/6 + 2*u**2 + 20*u. Calculate t(0).
4
Let r be (-3)/(9/(-6)) + 1. Let j(o) = -5*o + 4*o**2 - 2 - 3*o**2 + r. Let y be ((-6)/(-2) - 2)*-1*-3. What is j(y)?
-5
Let a be -3*14/105*5. Let z(f) = 6*f + 5. Determine z(a).
-7
Let i(r) = -7*r. Let s be 18/(-12) + (-1)/2*13. Let f(b) = -b**2 - 11*b - 23. Let h be f(s). Calculate i(h).
-7
Let d(s) = s**2 + 10*s + 6. Let i = 44 + -54. What is d(i)?
6
Suppose 1 = z - 1. Suppose 15 = y + z*y. Let l(j) = -4*j + 7. Calculate l(y).
-13
Let g(t) be the second derivative of t**5/20 - 7*t**4/12 + 5*t**3/6 + 4*t**2 - t. Let v = -80 + 75. Let n(f) = f**2 + 6*f + 11. Let c be n(v). What is g(c)?
2
Let w(v) = 14*v - 4*v**2 + 3 + 8*v - 24*v + v**3. Let u = -7 - -10. Suppose -10 = -u*k + k. Give w(k).
18
Let u be ((-20)/25)/(2/(-60)). Let k be ((-4)/10)/(u/(-60))*-5. Let h(q) = q + 11. Give h(k).
6
Suppose 0 = -0*y + 5*y + 5. Let l be (y/2)/(-1)*6. Let b(u) = 4*u - 2. What is b(l)?
10
Let p be 7 + 1 - (-27)/(-15 + 6). Let f(k) = k**3 - 5*k**2 - 4*k. Give f(p).
-20
Let f(o) = -2*o**3 - 19*o**2 + 9*o - 3. Let h be f(-10). Let j(l) = -67*l**2 - 4 + 31*l**2 - h*l + 37*l**2. Calculate j(7).
-4
Let w(f) = 2*f**3 - 5*f**2 + 6*f - 1. Let h(o) = 2*o**3 - 5*o**2 + 5*o - 2. Let s(r) = 3*h(r) - 2*w(r). Let p = 1147 + -1144. Determine s(p).
14
Let n(a) = a**2 - 5. Suppose -3*g + 1 = -o, -3*g - 1 = 2*o + 1. Let z = g + -1. Let i be (-3 + (-3)/z)/(-3). Determine n(i).
-5
Let r(u) = -4*u**2 - 2*u + 4. Let i be 0 + 0 + 11 + -6. Let b(h) = 3*h**2 + 3*h - 4. Let w(f) = i*b(f) + 4*r(f). Give w(4).
8
Let y(n) = 9037*n + 11 - 4509*n + 2*n**2 - 3*n**2 - 4516*n. Calculate y(11).
22
Let o(u) be the first derivative of -u**5/120 + 11*u**4/24 + 11*u**3 + 2. Let c(m) be the third derivative of o(m). What is c(5)?
6
Let t(a) = -22*a. Let x = -142 + 141. Determine t(x).
22
Let w(b) = -7*b + 1. Let z be w(-1). Let k(c) be the first derivative of c**4/4 - 3*c**3 + 7*c**2/2 + 7*c + 470. What is k(z)?
-1
Let a(f) = -3*f**2 - f - 2. Let i(b) = -2*b**2 - 2. Suppose 3 = -w + 2*r + 1, -5*r + 57 = 4*w. Suppose 3*z = z + w. Let c(t) = z*i(t) - 3*a(t). Determine c(-5).
8
Let r(q) = -4*q**2 + 1. Suppose n + 1 = 7. Suppose -48 - n = -3*v. Let l be (6/v)/(2/6). What is r(l)?
-3
Let b(v) = -v**3 + 5*v**2 + 5*v - 1. Let r = -164 - -170. What is b(r)?
-7
Let c(u) = u**3 + 4*u**2 - 6*u - 7. Suppose -2*w - 8 = 2. What is c(w)?
-2
Let y(q) = -5*q**2 + 42 - 20 - 7 - 9*q + q**3. Calculate y(6).
-3
Let c(z) = z**2 - 4*z - 3. Let a = 154 + -156. Calculate c(a).
9
Let j(s) = -2*s**3 - s**2 + 3*s - 2. Suppose -2*g - 14 = -4*a, 3*a - 30 = -5*g - 0*a. Let l = 5 - g. Determine j(l).
-16
Let w(y) be the first derivative of -y**4/4 - 10*y**3/3 + 7*y**2 + 15*y - 43. Determine w(-11).
-18
Suppose 60*t - 58*t - 6 = 0. Let f(a) = 2*a - 1. Determine f(t).
5
Let j(f) = -f**3 - 6*f**2 - 5*f + 1. Let b(x) = x + 3. Suppose 1 = s - 3*n, 2*s + s - n + 21 = 0. Let m be b(s). What is j(m)?
1
Suppose m = 263 - 247. Suppose y + 15 = m. Let o(w) = -7*w**3 - 5*w**2 + 6*w. Let r(z) = 13*z**3 + 9*z**2 - 11*z. Let f(q) = -11*o(q) - 6*r(q). Give f(y).
0
Let z = 77 + -140. Let a be ((-4)/14)/(3/z). Let k(l) = 2 + l**2 - 5*l + 2 - 4 - 6. Give k(a).
0
Suppose -15 = 2*v - 5*v. Let p(j) = 28*j**2 - 9*j**2 + 5*j - 4963 + 4969 - 11*j**2 - 9*j**2. Determine p(v).
6
Let r(t) = -20*t + 10. Let y(g) = 3*g - 1. Let a(q) = r(q) + 7*y(q). Determine a(2).
5
Let j(s) = -2*s**2 + 12*s - 12. Let u(o) = -o**3 - 33*o**2 - 88*o + 65. Let p be u(-30). Give j(p).
-2
Let d(o) = -o**2 + 7*o - 6. Let z be d(4). Let h be ((-6)/(-9))/(4/z). Let x(a) be the second derivative of -a**3/2 + 3*a. Determine x(h).
-3
Suppose -4*f - 20 = 3*s - 6*f, 4 = f. Let j(o) = 2*o**2 + 9*o - 2. Determine j(s).
-6
Suppose 19 + 14 = 3*m. Let t = m - 7. Let w(q) = 3*q**3 - 7*q**2 + 6*q - 8. Let b(g) = 7*g**3 - 15*g**2 + 12*g - 17. Let i(n) = 2*b(n) - 5*w(n). Give i(t).
-2
Let y(g) = 120*g - 8 + 124*g - 247*g + 2. Determine y(-2).
0
Let r(o) be the third derivative of -o**6/120 + o**5/60 + 2*o**3/3 + 58*o**2. Calculate r(0).
4
Let m(p) = -2*p**3 - 24*p**2 - 3*p - 7. Let j(k) = k**3 + 11*k**2 + k + 3. Let z(h) = -9*j(h) - 4*m(h). Calculate z(-2).
-9
Let y be (159/3 - -5) + -3. Let p = y - 52. Let l(w) = 2*w - 3. Calculate l(p).
3
Suppose 0*f - 3*f = -4*y + 15, 5*y - 3*f - 21 = 0. Let s(k) be the first derivative of -k**3/3 + 7*k**2/2 - 6*k - 78. Give s(y).
0
Let y be 1/(-2) + 203/2. Let s = -102 + y. Let t(i) = 24*i**3 + 2*i**2 + 2*i + 1. Give t(s).
-23
Suppose 1 = -l + 3. Let p(m) = -2*m - m - l - 1 + m. Suppose 5*a + 15 = -0. What is p(a)?
3
Let m(v) = -v**3 - 4*v**2 + 6*v + 1. Let o be -3 + 0 - 12*2/24. What is m(o)?
-23
Let y be (-32 - -7)/(-5) - 4/(-2). Let z(a) = -7*a + 24*a - 1 + 0 - y*a. Let d = -1 + 2. Calculate z(d).
9
Suppose 0 = h - 5 + 12. Let n(s) be the third derivative of s**5/60 + 5*s**4/24 - 4*s**3/3 - s**2. Calculate n(h).
6
Suppose -11 = 184*l - 183*l. Let q(n) = n**2 + 12*n + 7. Calculate q(l).
-4
Let b(q) = 3*q**2 + 2*q - 2. Let k(i) = -i**3 + 3*i**2 + 3*i - 7. Let p = -12 + 15. Let z be k(p). Determine b(z).
14
Let o(w) be the second derivative of -w**5/20 - w**4/12 + 5*w**3/6 + 3*w**2/2 + 2*w. Let s be -4*1/(-4) + -4. Give o(s).
6
Let s(m) = -3*m**2 - 5*m + 2*m**2 + 12 - 29 + 13 + 8. Calculate s(-6).
-2
Suppose -2*c + 24 = c. Let j(a) = -c*a**2 + 11*a**2 - a**2 - a + 0*a. Calculate j(2).
6
Suppose 0 = h + 5*n - 6 - 4, h - 3*n + 14 = 0. Let u(d) = d**3 + 6*d**2 + d - 28. Calculate u(h).
-8
Let v be ((-18)/12)/((-2)/76)